sor of 41 and 471?
1
What is the highest common factor of 8167485 and 45?
15
Calculate the greatest common factor of 9695 and 448.
7
Calculate the highest common divisor of 78640 and 32.
16
Calculate the highest common divisor of 87235 and 395.
5
What is the highest common factor of 1635530 and 2188?
1094
Calculate the highest common divisor of 585 and 4923.
9
What is the greatest common factor of 12 and 43800?
12
What is the greatest common divisor of 718141 and 267?
89
Calculate the highest common divisor of 262998 and 19.
19
What is the highest common factor of 1635127 and 3796?
949
Calculate the greatest common divisor of 333 and 861952.
37
Calculate the greatest common factor of 437 and 48355.
19
What is the greatest common divisor of 84 and 1197532?
28
Calculate the greatest common divisor of 87535 and 24395.
1435
What is the highest common divisor of 132149 and 5253?
103
What is the highest common divisor of 4161 and 513?
57
Calculate the greatest common factor of 99 and 1303929.
99
Calculate the greatest common divisor of 3608 and 64152.
88
What is the highest common divisor of 1007 and 9291?
19
What is the highest common factor of 634025 and 7?
7
What is the highest common factor of 3495166 and 17?
17
What is the greatest common factor of 14499 and 48509?
179
Calculate the greatest common factor of 37864 and 8.
8
What is the highest common factor of 52984 and 407?
37
Calculate the greatest common divisor of 1055 and 20467.
211
What is the greatest common factor of 40 and 190660?
20
Calculate the greatest common divisor of 69 and 2301.
3
Calculate the highest common divisor of 445140 and 4500.
180
What is the greatest common divisor of 236 and 192104?
236
Calculate the greatest common divisor of 107239 and 11.
11
What is the highest common factor of 101454 and 148?
74
What is the highest common factor of 144 and 16692?
12
Calculate the greatest common factor of 150 and 198000.
150
What is the greatest common divisor of 11687 and 18135?
403
Calculate the greatest common factor of 7743 and 696.
87
Calculate the highest common divisor of 28 and 19789.
7
What is the highest common factor of 3 and 130461?
3
What is the greatest common factor of 42074 and 1544?
386
What is the highest common divisor of 3735 and 1215?
45
Calculate the greatest common divisor of 3685 and 75515.
55
What is the highest common divisor of 82 and 782321?
41
Calculate the greatest common factor of 22161 and 3984.
249
What is the highest common divisor of 43 and 3161575?
43
What is the greatest common divisor of 19364 and 1648?
412
Calculate the greatest common factor of 135121 and 32592.
679
What is the highest common factor of 522 and 78561?
261
What is the highest common divisor of 158 and 136907?
79
Calculate the greatest common divisor of 400 and 944.
16
What is the highest common factor of 1254 and 4826?
38
What is the greatest common divisor of 1162928 and 32?
16
Calculate the highest common factor of 1170 and 35.
5
Calculate the highest common factor of 36248 and 1886.
46
Calculate the highest common factor of 2670 and 7076390.
890
Calculate the greatest common factor of 504895 and 25.
5
What is the greatest common divisor of 72176 and 624?
208
Calculate the greatest common factor of 2756 and 664408.
212
What is the greatest common factor of 142302 and 3552?
222
What is the highest common factor of 38 and 103113?
19
What is the highest common factor of 34344 and 48?
24
What is the greatest common divisor of 315514 and 361?
361
What is the highest common factor of 249 and 202520?
83
What is the highest common divisor of 10 and 312490?
10
What is the greatest common factor of 8 and 205432?
8
Calculate the greatest common factor of 214527 and 129.
129
What is the greatest common divisor of 1704 and 124?
4
What is the highest common factor of 39425 and 6650?
475
What is the highest common factor of 690 and 23280?
30
What is the greatest common factor of 1370 and 4247?
137
What is the greatest common divisor of 159471 and 13?
13
What is the highest common factor of 959 and 141521?
137
Calculate the greatest common factor of 2098204 and 62.
62
Calculate the highest common factor of 150 and 252090.
30
Calculate the highest common divisor of 12192 and 12954.
762
Calculate the highest common divisor of 640 and 3610.
10
Calculate the greatest common factor of 16296 and 4947.
291
Calculate the highest common divisor of 25181 and 2613.
13
Calculate the highest common divisor of 479962 and 28.
14
What is the highest common factor of 10448 and 208?
16
What is the highest common factor of 120 and 29352?
24
Calculate the highest common divisor of 230 and 55315.
115
Calculate the greatest common divisor of 648 and 53028.
108
Calculate the highest common factor of 55 and 179740.
55
What is the greatest common factor of 52848 and 192?
48
What is the highest common divisor of 15246 and 24563?
847
What is the highest common divisor of 2451300 and 75?
75
Calculate the greatest common factor of 260015 and 3519.
391
What is the highest common divisor of 51727 and 10465?
299
Calculate the greatest common divisor of 72 and 19962.
18
Calculate the greatest common factor of 2875 and 39500.
125
Calculate the highest common factor of 112424 and 416.
104
What is the highest common factor of 1950 and 525?
75
Calculate the greatest common factor of 11520 and 520.
40
Calculate the highest common divisor of 3657 and 41817.
159
What is the highest common factor of 29075 and 325?
25
Calculate the greatest common factor of 60951 and 33.
33
Calculate the highest common factor of 255744 and 252.
36
Calculate the highest common divisor of 275733 and 18.
9
Calculate the greatest common factor of 213072 and 690.
138
What is the highest common factor of 2782 and 2574?
26
Calculate the highest common divisor of 35 and 281.
1
Calculate the greatest common divisor of 344419 and 163.
163
What is the greatest common factor of 580 and 20155?
145
Calculate the highest common factor of 1034 and 21526.
94
Calculate the greatest common factor of 42090 and 1275.
15
Calculate the highest common divisor of 454246 and 234.
26
What is the highest common divisor of 223288 and 146224?
1976
Calculate the greatest common factor of 50881 and 2009.
41
Calculate the greatest common divisor of 764524 and 85.
17
What is the greatest common factor of 9462220 and 1670?
1670
What is the highest common factor of 3688 and 3128?
8
Calculate the highest common divisor of 17360 and 32480.
560
What is the greatest common divisor of 16 and 333272?
8
What is the highest common divisor of 1052 and 23?
1
Calculate the highest common factor of 27 and 62253.
9
What is the highest common divisor of 207 and 8924?
23
What is the highest common divisor of 2308794 and 873?
291
What is the greatest common factor of 65 and 19?
1
What is the greatest common divisor of 1103 and 1?
1
What is the greatest common factor of 165 and 32560?
55
Calculate the highest common factor of 7942 and 1063506.
722
Calculate the greatest common factor of 25851 and 2604.
21
What is the greatest common factor of 8760 and 13616?
8
Calculate the highest common divisor of 58565 and 81770.
1105
What is the highest common divisor of 217 and 113057?
217
Calculate the greatest common divisor of 167 and 88343.
167
What is the highest common divisor of 4368 and 816?
48
What is the highest common factor of 4160 and 871?
13
Calculate the greatest common divisor of 12 and 3100044.
12
Calculate the highest common factor of 33046 and 1107.
41
What is the highest common factor of 21075 and 800?
25
Calculate the greatest common divisor of 4368 and 2457.
273
Calculate the highest common divisor of 16 and 368284.
4
Calculate the greatest common factor of 66 and 10866.
6
What is the highest common factor of 591072 and 17292?
1572
Calculate the greatest common factor of 4425 and 794730.
885
Calculate the greatest common factor of 32485 and 623.
89
Calculate the highest common divisor of 1860 and 86118.
186
Calculate the greatest common factor of 1134 and 19872.
54
What is the highest common divisor of 205 and 25871?
41
What is the greatest common factor of 517 and 4829?
11
Calculate the highest common divisor of 8670 and 235110.
510
Calculate the highest common divisor of 158 and 144